se
Is 94687 composite?
False
Is 20417 a composite number?
True
Is 85189 prime?
False
Is 10223 a prime number?
True
Is 133853 a prime number?
True
Is 614001 composite?
True
Is 57367 a composite number?
False
Is 321513 a prime number?
False
Is 8441 composite?
True
Is 654341 a prime number?
False
Is 117427 prime?
True
Is 14461 a composite number?
False
Is 63211 a prime number?
True
Is 23813 a prime number?
True
Is 8059 a composite number?
False
Is 317527 prime?
False
Is 362665 a prime number?
False
Is 37489 a composite number?
False
Is 93683 composite?
False
Is 287719 prime?
False
Is 42043 prime?
True
Is 24859 a composite number?
False
Is 9029 a prime number?
True
Is 1185787 prime?
True
Is 343253 prime?
True
Is 4581741 a prime number?
False
Is 1739 a composite number?
True
Is 653617 prime?
True
Is 1189 prime?
False
Is 191483 composite?
True
Is 56299 a prime number?
True
Is 2005823 composite?
True
Is 1093519 composite?
True
Is 2119561 a composite number?
False
Is 43387 composite?
True
Is 62579 a composite number?
True
Is 31957 a prime number?
True
Is 11851 a prime number?
False
Is 198709 a prime number?
False
Is 5227 prime?
True
Is 27437 a prime number?
True
Is 68879 composite?
False
Is 317693 prime?
True
Is 14779 prime?
True
Is 2237 a prime number?
True
Is 41443 composite?
False
Is 3778 a prime number?
False
Is 12707 a composite number?
True
Is 730787 composite?
True
Is 1637 composite?
False
Is 12127 a prime number?
False
Is 24223 composite?
False
Is 235307 composite?
False
Is 877407 a prime number?
False
Is 81689 composite?
False
Is 144877 prime?
False
Is 81245 a composite number?
True
Is 51229 a composite number?
False
Is 1903 a prime number?
False
Is 103867 prime?
True
Is 919 composite?
False
Is 14107 composite?
False
Is 211859 a prime number?
True
Is 39673 a prime number?
False
Is 9613 prime?
True
Is 262189 a prime number?
False
Is 188107 composite?
False
Is 133234 a composite number?
True
Is 12187 a composite number?
True
Is 298409 a composite number?
False
Is 2429 composite?
True
Is 835379 prime?
True
Is 43213 a prime number?
False
Is 7559 a composite number?
False
Is 937723 a prime number?
False
Is 19641 prime?
False
Is 962549 composite?
True
Is 16127 composite?
False
Is 40459 a composite number?
False
Is 55 composite?
True
Is 293 a prime number?
True
Is 123001 a composite number?
False
Is 363127 a prime number?
False
Is 2227 prime?
False
Is 424993 composite?
True
Is 295937 prime?
True
Is 735013 prime?
False
Is 506813 a prime number?
False
Is 72517 composite?
True
Is 8927 a prime number?
False
Is 32749 composite?
False
Is 22367 a composite number?
False
Is 5381 composite?
False
Is 27611 a prime number?
True
Is 8663 a composite number?
False
Is 96647 prime?
False
Is 92173 composite?
False
Is 40195 a composite number?
True
Is 56411 composite?
True
Is 79159 a prime number?
True
Is 481 a composite number?
True
Is 4106 composite?
True
Is 51743 composite?
True
Is 80187 a prime number?
False
Is 127481 composite?
False
Is 12981 composite?
True
Is 131609 prime?
False
Is 1151 prime?
True
Is 391519 a composite number?
False
Is 335791 composite?
True
Is 719 composite?
False
Is 55411 composite?
False
Is 15641 composite?
False
Is 73009 composite?
False
Is 3061 prime?
True
Is 9661 a prime number?
True
Is 17165 prime?
False
Is 125017 composite?
False
Is 39119 a prime number?
True
Is 648841 a prime number?
True
Is 691 composite?
False
Is 66431 a composite number?
False
Is 156899 a prime number?
True
Is 339463 a prime number?
False
Is 2071903 a composite number?
True
Is 27323 prime?
False
Is 1517 a composite number?
True
Is 12235 a prime number?
False
Is 65233 a composite number?
True
Is 8983 prime?
False
Is 80419 a composite number?
True
Is 6421 a prime number?
True
Is 6407 a prime number?
False
Is 24707 a composite number?
True
Is 53939 prime?
True
Is 2293 prime?
True
Is 39293 a composite number?
False
Is 17539 prime?
True
Is 68039 a composite number?
True
Is 14519 composite?
False
Is 9517 a composite number?
True
Is 1117 a prime number?
True
Is 46855 composite?
True
Is 1003939 composite?
True
Is 131991 prime?
False
Is 11179 a composite number?
True
Is 9862 prime?
False
Is 548633 prime?
False
Is 33047 prime?
False
Is 144193 a prime number?
False
Is 18053 a composite number?
True
Is 794 a prime number?
False
Is 51449 composite?
False
Is 2899 a prime number?
False
Is 48907 a prime number?
True
Is 10559 a composite number?
False
Is 111373 a prime number?
True
Is 293251 a composite number?
True
Is 17807 a composite number?
False
Is 813 prime?
False
Is 12511 composite?
False
Is 23269 prime?
True
Is 1117 a composite number?
False
Is 1054619 prime?
False
Is 17529 a composite number?
True
Is 73999 a composite number?
False
Is 7379 a composite number?
True
Is 416215 a prime number?
False
Is 150169 a prime number?
True
Is 33253 prime?
False
Is 376307 prime?
True
Is 425879 a prime number?
True
Is 71633 composite?
False
Is 127833 a prime number?
False
Is 39619 prime?
True
Is 2569 a prime number?
False
Is 701 composite?
False
Is 21143 composite?
False
Is 16817 a prime number?
False
Is 6742 composite?
True
Is 584659 prime?
True
Is 899 a composite number?
True
Is 13669 a prime number?
True
Is 206699 a prime number?
True
Is 24593 a composite number?
False
Is 12086 a composite number?
True
Is 941 a composite number?
False
Is 81497 a composite number?
True
Is 25177 a composite number?
True
Is 62683 a prime number?
True
Is 2627 a composite number?
True
Is 1319 a composite number?
False
Is 52571 composite?
False
Is 73495 prime?
False
Is 83207 a composite number?
False
Is 7393 prime?
True
Is 48647 a prime number?
True
Is 640869 composite?
True
Is 15161 composite?
False
Is 447961 prime?
True
Is 10243 prime?
True
Is 266023 a composite number?
False
Is 56891 composite?
False
Is 319 composite?
True
Is 8549 prime?
False
Is 36671 prime?
True
Is 62117 prime?
False
Is 86197 a composite number?
False
Is 46463 prime?
False
Is 77951 a prime number?
True
Is 122897 prime?
False
Is 695845 a prime number?
False
Is 88463 a composite number?
False
Is 349357 composite?
False
Is 2161 a composite number?
False
Is 26513 a prime number?
True
Is 1774 prime?
False
Is 2392387 composite?
True
Is 1904041 prime?
True
Is 79301 a composite number?
False
Is 58303 composite?
True
Is 5601 a composite number?
True
Is 720527 prime?
True
Is 171007 a composite number?
False
Is 8563 prime?
True
Is 20957 prime?
False
Is 18101 a prime number?
False
Is 16197 prime?
False
Is 9511 prime?
True
Is 3614087 prime?
True
Is 1416739 prime?
True
Is 102523 a prime number?
True
Is 14866 composite?
True
Is 5207 composite?
True
Is 663523 composite?
True
Is 109609 composite?
False
Is 5258951 a prime number?
False
Is 276557 prime?
True
Is 6841 composite?
False
Is 160073 a prime number?
True
Is 9799 composite?
True
Is 34981 a composite number?
False
Is 1523 a prime number?
True
Is 3907 prime?
True
Is 52619 composite?
True
Is 47557 prime?
False
Is 360749 prime?
True
Is 17647 a composite number?
True
Is 139543 a prime number?
False
Is 22223 composite?
True
Is 569477 prime?
False
Is 6067 prime?
True
Is 13753 prime?
False
Is 72859 composite?
False
Is 55489 composite?
True
Is 5383 prime?
False
Is 83209 composite?
True
Is 29959 a composite number?
False
Is 12143 prime?
True
Is 1094615 prime?
False
Is 10213 composite?
True
Is 1943 a prime number?
False
Is 29897 a composite number?
True
Is 12007 a composite number?
False
Is 44219 composite?
True
Is 20671 a composite number?
True
Is 987863 composite?
True
Is 5953 prime?
True
Is 212911 composite?
True
Is 2594 a composite number?
True
Is 3409 prime?
False
Is 756611 a composite number?
True
Is 111203 prime?
False
Is 3205 a prime number?
False
Is 1693 a prime number?
True
Is 15511 a prime number?
True
Is 54973 a prime number?
True
Is 3349321 prime?
True
Is 91007 a prime number?
False
Is 67843 a composite number?
False
Is 4177 a composite number?
False
Is 2291 a prime number?
False
Is 2371535 prime?
False
Is 10301 a prime number?
True
Is 306991 a prime number?
True
Is 23509 composite?
False
Is 70471 a composite number?
True
Is 776551 prime?
True
Is 725269 a prime number?
False
Is 4241 a prime number?
True
Is 4502 prime?
False
Is 537 prime?
False
Is 203059 a prime number?
False
Is 85001 compo